reatest common divisor of 150099 and 3?
3
What is the highest common divisor of 887170 and 4?
2
Calculate the greatest common factor of 294 and 799827.
147
What is the highest common divisor of 5546 and 1888?
118
What is the highest common factor of 258456 and 3872?
968
Calculate the greatest common factor of 159 and 13197.
159
What is the highest common factor of 2664 and 3528?
72
What is the greatest common divisor of 31301 and 3955?
113
What is the greatest common divisor of 167724 and 1404?
108
Calculate the greatest common factor of 425 and 464695.
85
Calculate the highest common factor of 1386 and 56034.
198
What is the greatest common divisor of 150556 and 4788?
532
Calculate the greatest common factor of 28625 and 1374.
229
What is the highest common divisor of 2925 and 663?
39
Calculate the highest common divisor of 64432 and 32.
16
What is the greatest common factor of 5980 and 1040?
260
What is the greatest common divisor of 3 and 51717?
3
What is the highest common factor of 279 and 4439727?
279
What is the highest common factor of 6223 and 6731?
127
What is the highest common divisor of 26758 and 6766?
34
What is the greatest common divisor of 484 and 121?
121
What is the greatest common factor of 9 and 1993?
1
What is the greatest common factor of 217704 and 66552?
1128
Calculate the greatest common factor of 21360 and 4720.
80
What is the highest common divisor of 12540 and 1102?
38
What is the highest common divisor of 12 and 256444?
4
What is the greatest common factor of 1800 and 3096?
72
What is the highest common divisor of 18044 and 39211?
347
Calculate the greatest common factor of 781775 and 25.
25
Calculate the highest common factor of 31215 and 195.
15
Calculate the highest common divisor of 14284 and 256.
4
Calculate the greatest common factor of 203968 and 192.
64
What is the highest common factor of 14637 and 271677?
357
Calculate the highest common factor of 6728 and 280.
8
Calculate the highest common factor of 36120 and 2280.
120
What is the highest common divisor of 1440 and 165960?
360
What is the highest common factor of 61769 and 3648?
19
Calculate the greatest common divisor of 25875218 and 926.
926
What is the highest common factor of 1025725 and 1157?
89
What is the highest common factor of 625 and 1730?
5
What is the highest common divisor of 410388 and 24?
12
Calculate the highest common factor of 208080 and 2160.
720
Calculate the greatest common factor of 9620 and 7020.
260
Calculate the greatest common factor of 190190 and 7280.
910
What is the greatest common divisor of 183974 and 2618?
238
What is the greatest common divisor of 9614 and 66044?
418
Calculate the greatest common factor of 648 and 9288.
216
Calculate the greatest common factor of 372 and 594177.
93
Calculate the highest common factor of 11763 and 63.
9
What is the greatest common factor of 3638 and 65270?
214
What is the highest common factor of 33077 and 1261?
97
Calculate the greatest common factor of 20 and 459660.
20
What is the greatest common divisor of 2867 and 3599?
61
What is the highest common factor of 20 and 208660?
20
Calculate the greatest common factor of 150 and 6417675.
75
Calculate the greatest common divisor of 1272 and 5960.
8
What is the greatest common divisor of 536 and 30128?
8
Calculate the greatest common divisor of 1771 and 627.
11
What is the greatest common factor of 35 and 321083?
7
Calculate the greatest common factor of 413 and 1062.
59
What is the highest common divisor of 460551 and 26?
13
What is the greatest common divisor of 29704 and 40?
8
What is the greatest common factor of 2412 and 234?
18
Calculate the highest common divisor of 3352 and 733250.
838
Calculate the highest common divisor of 624 and 30.
6
Calculate the greatest common divisor of 438 and 365.
73
What is the greatest common divisor of 926315 and 65?
65
What is the greatest common divisor of 114 and 106362?
114
What is the greatest common divisor of 321930 and 7840?
490
What is the highest common factor of 29618 and 2242?
118
What is the highest common divisor of 7832 and 913?
11
What is the greatest common factor of 12788 and 23644?
92
Calculate the highest common divisor of 2132 and 220662.
1066
Calculate the highest common divisor of 111136 and 24.
8
Calculate the greatest common factor of 80826 and 171.
57
Calculate the highest common factor of 2529 and 12807.
9
What is the greatest common divisor of 96 and 409928?
8
What is the highest common factor of 328 and 160064?
328
What is the greatest common divisor of 33187 and 1001?
77
What is the highest common divisor of 47645 and 130?
65
What is the highest common divisor of 3072055 and 245?
245
Calculate the greatest common factor of 1932 and 89332.
92
What is the greatest common factor of 24 and 427464?
24
What is the greatest common factor of 3601 and 204149?
277
Calculate the greatest common factor of 9376 and 1600.
32
What is the highest common divisor of 18 and 1361460?
6
Calculate the greatest common divisor of 780240 and 240.
240
What is the highest common divisor of 9988 and 341?
11
What is the highest common factor of 136 and 51?
17
Calculate the greatest common divisor of 774 and 95374.
86
Calculate the highest common divisor of 215 and 45815.
5
Calculate the greatest common divisor of 308 and 278971.
77
Calculate the highest common divisor of 40986 and 4301.
253
What is the highest common factor of 1311 and 2185?
437
What is the greatest common divisor of 478103 and 565?
113
Calculate the greatest common divisor of 336346 and 430.
86
What is the highest common factor of 124956 and 9?
9
What is the highest common divisor of 1719 and 9?
9
Calculate the highest common factor of 901432 and 21.
7
Calculate the highest common factor of 577 and 3.
1
What is the greatest common factor of 7553192 and 8?
8
Calculate the greatest common divisor of 6624 and 107847.
207
Calculate the highest common divisor of 1113 and 12561.
159
Calculate the greatest common factor of 240001 and 107.
107
What is the highest common divisor of 6064570 and 20?
10
What is the highest common factor of 135366 and 462?
462
Calculate the greatest common factor of 54 and 189090.
18
Calculate the highest common divisor of 5859 and 1431549.
1953
What is the highest common divisor of 1176 and 4046?
14
Calculate the greatest common divisor of 6 and 30528.
6
Calculate the highest common divisor of 29 and 305225.
29
Calculate the highest common divisor of 166004 and 4324.
188
What is the greatest common factor of 2 and 22118?
2
What is the highest common divisor of 15 and 88455?
15
What is the highest common factor of 3348 and 84?
12
What is the greatest common factor of 4 and 5118?
2
What is the highest common factor of 35 and 221095?
35
Calculate the greatest common factor of 37 and 3102302.
37
Calculate the greatest common divisor of 49 and 6114367.
49
What is the greatest common divisor of 660810 and 10?
10
What is the highest common divisor of 656 and 9020?
164
Calculate the greatest common divisor of 114 and 274.
2
Calculate the greatest common divisor of 187 and 2651.
11
What is the highest common factor of 18 and 29421?
9
What is the greatest common factor of 912 and 124336?
304
What is the greatest common divisor of 29 and 197287?
29
What is the greatest common divisor of 64134 and 2394?
126
What is the greatest common factor of 2270 and 15710?
10
What is the greatest common divisor of 147 and 607551?
147
Calculate the highest common divisor of 84 and 1493268.
84
What is the greatest common factor of 1680 and 996765?
105
What is the highest common divisor of 216 and 1592?
8
Calculate the greatest common divisor of 622999 and 39.
13
What is the greatest common factor of 4313 and 8399?
227
Calculate the highest common divisor of 22 and 18748202.
22
What is the greatest common factor of 41168 and 80?
16
Calculate the greatest common divisor of 19598 and 92254.
478
What is the highest common divisor of 551 and 7391?
19
What is the highest common divisor of 192 and 18924?
12
Calculate the greatest common divisor of 929093 and 11.
11
What is the highest common factor of 3184608 and 294?
294
What is the greatest common factor of 1161 and 4343?
43
What is the greatest common divisor of 3 and 1923?
3
Calculate